{"id":959,"date":"2024-08-01T11:54:18","date_gmt":"2024-08-01T11:54:18","guid":{"rendered":"https:\/\/latajacestudio.pl\/?page_id=959"},"modified":"2025-11-20T12:36:01","modified_gmt":"2025-11-20T12:36:01","slug":"regulamin","status":"publish","type":"page","link":"https:\/\/latajacestudio.pl\/index.php\/regulamin\/","title":{"rendered":"Regulamin"},"content":{"rendered":"\t\t<div data-elementor-type=\"wp-page\" data-elementor-id=\"959\" class=\"elementor elementor-959\">\n\t\t\t\t<div class=\"elementor-element elementor-element-883e013 e-flex e-con-boxed e-con e-parent\" data-id=\"883e013\" data-element_type=\"container\">\n\t\t\t\t\t<div class=\"e-con-inner\">\n\t\t\t\t<div class=\"elementor-element elementor-element-7f96f26 elementor-widget elementor-widget-text-editor\" data-id=\"7f96f26\" data-element_type=\"widget\" data-widget_type=\"text-editor.default\">\n\t\t\t\t<div class=\"elementor-widget-container\">\n\t\t\t\t\t\t\t\t\t<p style=\"text-align: center;\"><strong>REGULAMIN<\/strong><\/p><p style=\"text-align: center;\"><strong>\u00a71<\/strong><\/p><p style=\"text-align: center;\"><strong>Postanowienia wst\u0119pne<\/strong><\/p><ol><li>Lataj\u0105ce studio (zwane dalej \u201cStudio\u201d) mie\u015bci si\u0119 przy ul. G\u0142ogowskiej 152, 60-205, w Poznaniu i prowadzone jest przez Ew\u0119 Bocha\u0144sk\u0105, prowadz\u0105c\u0105 dzia\u0142alno\u015b\u0107 gospodarcz\u0105 pod nazw\u0105 Lataj\u0105ce Studio Ewa Bocha\u0144ska, wpisan\u0105 do Centralnej Ewidencji i Informacji o Dzia\u0142alno\u015bci Gospodarczej (CEIDG) prowadzonej przez ministra w\u0142a\u015bciwego ds. gospodarki, NIP 7822203833, REGON 365215580, tel. 455400165.<\/li><li>Niniejszy regulamin skierowany jest do Kursant\u00f3w Studia i okre\u015bla zasady korzystania z jego us\u0142ug.<\/li><li>Lataj\u0105ce studio \u015bwiadczy us\u0142ugi w zakresie: zaj\u0119\u0107 na kole cyrkowym (Aerial Hoop), bungee dance (Akrobungee), ta\u0144ca wertykalnego (vertical dance), Exotic Hoop, relaksacji somatycznej, zaj\u0119\u0107 Open, oraz innych zaj\u0119\u0107 sportowych przedstawionych w aktualnym grafiku.<\/li><\/ol><p style=\"text-align: center;\"><strong>\u00a72<\/strong><\/p><p style=\"text-align: center;\"><strong>Warunki Uczestnictwa<\/strong><\/p><ol><li>Kursantami mog\u0105 by\u0107 wy\u0142\u0105cznie osoby po uko\u0144czeniu 18. roku \u017cycia, kt\u00f3re zaakceptowa\u0142y Regulamin oraz op\u0142aci\u0142y Uczestnictwo w zaj\u0119ciach oferowanych przez Studio. Osoby niepe\u0142noletnie, powy\u017cej 15. roku \u017cycia, mog\u0105 bra\u0107 udzia\u0142 z zaj\u0119ciach wy\u0142\u0105cznie za zgod\u0105 rodzica lub opiekuna prawnego. Formularz zgody opiekuna jest dost\u0119pny na miejscu w studio i mo\u017ce te\u017c zosta\u0107 na \u017cyczenie udost\u0119pniony drog\u0105 elektroniczn\u0105.<\/li><li>W przypadku osoby niepe\u0142noletniej przestrzeganie Regulaminu dotyczy r\u00f3wnie\u017c jej opiekun\u00f3w prawnych.<\/li><li>Kursanci z problemami zdrowotnymi s\u0105 zobowi\u0105zani do przedstawienia za\u015bwiadczenia o braku przeciwwskaza\u0144 do udzia\u0142u w zaj\u0119ciach oferowanych przez Studio, wystawionego przez lekarza specjalist\u0119.<\/li><li>Uczestnictwo nale\u017cy op\u0142aci\u0107 poprzez wykupienie karnetu lub jednorazowego wej\u015bcia na zaj\u0119cia oferowane przez Studio, zgodnie z aktualnym cennikiem dost\u0119pnym w Studiu, oraz na stronie internetowej https:\/\/latajacestudio.pl . Ca\u0142a kwota powinna zosta\u0107 op\u0142acona przez rozpocz\u0119ciem pierwszych zaj\u0119\u0107 z karnetu lub przed rozpocz\u0119ciem zaj\u0119\u0107 jednorazowych.<\/li><li>Zapisy na zaj\u0119cia dokonywane s\u0105 poprzez system Fitssey \u2013 system dost\u0119pny jest przez stron\u0119 internetow\u0105 https:\/\/app.fitssey.com\/latajacestudio\/ lub poprzez aplikacj\u0119 Fitssey na urz\u0105dzeniu mobilnym. W systemie widoczne s\u0105 mi\u0119dzy innymi aktywne karnety, aktualne zapisy oraz historia zaj\u0119\u0107.<\/li><li>Zaj\u0119cia dodatkowe oraz warsztaty mog\u0105 wymaga\u0107 zapisu w innej formie, wskazanej przez Studio.<\/li><li>Przed pierwsz\u0105 wizyt\u0105 w Studiu konieczne jest zg\u0142oszenie drog\u0105 elektroniczn\u0105 poprzez messenger Lataj\u0105cego Studia lub wys\u0142ane na adres e-mail latajacestudiopoznan@gmail.com w celu utworzenia konta w systemie Fitssey.<\/li><li>Karnet lub jednorazowe wej\u015bcie s\u0105 przypisane do konkretnego imiennego konta w systemie Fitssey i nie mog\u0105 zosta\u0107 odst\u0105pione innej osobie.<\/li><li>Karnety wystawione s\u0105 na czas okre\u015blony, liczony w dniach kalendarzowych. Lataj\u0105ce Studio zastrzega sobie jednak, \u017ce mo\u017ce by\u0107 nieczynne w okresach \u015bwi\u0105tecznych. Zaj\u0119cia dost\u0119pne w dniach \u015bwi\u0105tecznych b\u0119d\u0105 prezentowane na bie\u017c\u0105co w grafiku. Dni, kiedy Studio zamkni\u0119te jest z powodu dni \u015bwi\u0105tecznych, nie stanowi\u0105 podstawy do zwrotu lub przed\u0142u\u017cenia karnetu.<\/li><li>Wej\u015bcia jednorazowe wa\u017cne s\u0105 przez 30 dni od daty zakupu.<\/li><li>Wszystkie karnety zachowuj\u0105 wa\u017cno\u015b\u0107 przez 30 dni od daty pierwszych wykorzystanych zaj\u0119\u0107.<\/li><li>W przypadku wybrania przy zakupie karnetu formy p\u0142atno\u015bci got\u00f3wk\u0105, do momentu uregulowania p\u0142atno\u015bci ze Studiem kursant ma mo\u017cliwo\u015b\u0107 dokonania wy\u0142\u0105cznie dw\u00f3ch rezerwacji w systemie Fitssey. Karnet w pe\u0142niej funkcjonalno\u015bci zostaje odblokowany po zaksi\u0119gowaniu p\u0142atno\u015bci przez Studio.<\/li><li>Niewykorzystane us\u0142ugi nie stanowi\u0105 podstawy do zwrotu lub przed\u0142u\u017cenia wa\u017cno\u015bci karnetu.<\/li><li>Kursant ma obowi\u0105zek zg\u0142osi\u0107 swoj\u0105 nieobecno\u015b\u0107 na zaj\u0119ciach do 12 godzin do rozpocz\u0119cia zaj\u0119\u0107, poprzez wypisanie si\u0119 z zaj\u0119\u0107 w systemie Fitssey, lub poprzez bezpo\u015brednie poinformowanie Studia za po\u015brednictwem messengera, telefonu lub wiadomo\u015bci e-mail &#8211; w przeciwnym wypadku zaj\u0119cia zostan\u0105 uznane jako wykorzystane i odj\u0119te z karnetu Kursanta.<\/li><li>Studio ro\u015bci sobie prawo do odwo\u0142ania zaj\u0119\u0107 bez podania przyczyny do 5 godzin przed godzin\u0105 rozpocz\u0119cia zaj\u0119\u0107. Kursanci zostan\u0105 o tym fakcie poinformowani drog\u0105 mailow\u0105. W takim wypadku karnety Kursant\u00f3w zapisanych na odwo\u0142ane zaj\u0119cia zostan\u0105 przed\u0142u\u017cone o 7 dni.<\/li><li>W przypadku odwo\u0142anych zaj\u0119\u0107, na kt\u00f3re Kursant op\u0142aci\u0142 jednorazowe wej\u015bcie, ma on prawo ubiega\u0107 si\u0119 o zwrot pieni\u0119dzy. Zwrot zostanie wykonany niezw\u0142ocznie, w spos\u00f3b, w jaki zosta\u0142 wykonany zakup.<\/li><li>W przypadku choroby lub niedyspozycji instruktora, Studio zastrzega sobie prawo do wyznaczenia zast\u0119pstwa na te zaj\u0119cia, w postaci innego instruktora, bez konieczno\u015bci wcze\u015bniejszego informowania Kursant\u00f3w o takiej zamianie.<\/li><li>Kursanci z wykupionym karnetem maj\u0105 prawo zapisa\u0107 si\u0119 na zaj\u0119cia wskazane w trakcie zakupu tego konkretnego karnetu.<\/li><li>Lataj\u0105ce Studio zastrzega sobie prawo do zmian cennika, grafiku oraz godzin otwarcia.<\/li><\/ol><p style=\"text-align: center;\"><strong>\u00a73<\/strong><\/p><p style=\"text-align: center;\"><strong>Oferowane metody p\u0142atno\u015bci<\/strong><\/p><ol><li>Kursant mo\u017ce skorzysta\u0107 z nast\u0119puj\u0105cych metod p\u0142atno\u015bci:<br \/>&#8211; p\u0142atno\u015b\u0107 got\u00f3wk\u0105 w studiu<br \/>&#8211; p\u0142atno\u015b\u0107 przelewem tradycyjnym na konto Studia<br \/>&#8211; p\u0142atno\u015b\u0107 za pomoc\u0105 bramki p\u0142atniczej Przelewy24 \u2013 us\u0142ugi \u015bwiadczonej przez PayPro S.A. z siedzib\u0105 w Poznaniu przy ul. Pastelowej 8, 60-198 Pozna\u0144, wpisanej do Rejestru Przedsi\u0119biorc\u00f3w Krajowego Rejestru S\u0105dowego prowadzonego przez S\u0105d Rejonowy Pozna\u0144 Nowe Miasto i Wilda, VIII Wydzia\u0142 Gospodarczy Krajowego Rejestru S\u0105dowego pod numerem KRS 0000347935, numer NIP 7792369887.<\/li><\/ol><p style=\"text-align: center;\"><strong>\u00a74<\/strong><\/p><p style=\"text-align: center;\"><strong>Prawo konsumenta do odst\u0105pienia od umowy zawartej na odleg\u0142o\u015b\u0107<\/strong><\/p><ol><li>Kursant b\u0119d\u0105cy konsumentem mo\u017ce odst\u0105pi\u0107 od umowy zawartej na odleg\u0142o\u015b\u0107 za po\u015brednictwem serwisu w terminie 14 dni, bez podawania przyczyny oraz bez ponoszenia koszt\u00f3w. Termin do odst\u0105pienia od umowy liczony jest od daty zakupu karnetu.<\/li><li>Konsument, kt\u00f3ry chce skorzysta\u0107 z prawa odst\u0105pienia od umowy, powinien poinformowa\u0107 administratora o swojej decyzji o odst\u0105pieniu od umowy w drodze jednoznacznego o\u015bwiadczenia w formie mailowej na adres latajacestudiopoznan@gmail.com.<\/li><li>W przypadku odst\u0105pienia od umowy przez konsumenta, administrator zobowi\u0105zany jest zwr\u00f3ci\u0107 konsumentowi wszystkie otrzymane od niego p\u0142atno\u015bci. Zwrot p\u0142atno\u015bci nast\u0119puje w terminie 14 dni od dnia otrzymania przez administratora o\u015bwiadczenia konsumenta o odst\u0105pieniu od umowy.<\/li><li>Stosownie do art. 38 ustawy z dnia 30 maja 2014 r. o prawach konsumenta, prawo do odst\u0105pienia od umowy nie przys\u0142uguje konsumentowi w odniesieniu do umowy m.in. o \u015bwiadczenie us\u0142ug, je\u017celi przedsi\u0119biorca wykona\u0142 w pe\u0142ni us\u0142ug\u0119 za wyra\u017an\u0105 zgod\u0105 konsumenta, kt\u00f3ry zosta\u0142 poinformowany przed rozpocz\u0119ciem \u015bwiadczenia, \u017ce po spe\u0142nieniu \u015bwiadczenia przez przedsi\u0119biorc\u0119 utraci prawo odst\u0105pienia od umowy. Sytuacja taka wyst\u0119puje w przypadku, w kt\u00f3rym klient b\u0119d\u0105cy konsumentem poprzez przyst\u0105pienie do korzystania z zakupionego dost\u0119pu do zaj\u0119\u0107 (poprzez rozpocz\u0119cie uczestnictwa w zaj\u0119ciach lub nie odwo\u0142anie rezerwacji zaj\u0119\u0107, kt\u00f3re si\u0119 odby\u0142y) przed up\u0142ywem terminu do odst\u0105pienia od umowy dotycz\u0105cej dost\u0119pu do zaj\u0119\u0107, wyrazi zgod\u0119 na wykonanie przez administratora us\u0142ugi polegaj\u0105cej na prowadzeniu zaj\u0119\u0107 przed up\u0142ywem okresu do odst\u0105pienia od zawartej na odleg\u0142o\u015b\u0107 umowy, a te zaj\u0119cia si\u0119 w pe\u0142ni odb\u0119d\u0105.<\/li><\/ol><p style=\"text-align: center;\"><strong>\u00a75<\/strong><\/p><p style=\"text-align: center;\"><strong>Procedura reklamacyjna\u00a0<\/strong><\/p><ol><li>Kursant mo\u017ce zg\u0142osi\u0107 reklamacj\u0119 dotycz\u0105c\u0105 dzia\u0142ania serwisu oraz \u015bwiadczonych us\u0142ug pisemnie na adres Lataj\u0105ce Studio ul. G\u0142ogowska 152, 60-205 Pozna\u0144 lub mailowo na adres email latajacestudiopoznan@gmail.com.<\/li><li>W reklamacji nale\u017cy zawrze\u0107: imi\u0119, nazwisko, dat\u0119, adres e-mail, pow\u00f3d reklamacji, kopi\u0119 dowodu zakupu, preferowany spos\u00f3b rozpatrzenia reklamacji.<\/li><li>Studio rozpatruje reklamacje i udziela odpowiedzi w terminie 14 dni w formie pisemnej, przes\u0142anej mailowo na adres e-mail Kursanta.<\/li><\/ol><p style=\"text-align: center;\"><strong>\u00a76<\/strong><\/p><p style=\"text-align: center;\"><strong>Bezpiecze\u0144stwo<\/strong><\/p><ol><li>Kursanci bior\u0105cy udzia\u0142 w zaj\u0119ciach lub warsztatach organizowanych przez Lataj\u0105ce Studio czyni\u0105 to na w\u0142asn\u0105 odpowiedzialno\u015b\u0107. W przypadku niezastosowania si\u0119 przez Kursanta do wskaz\u00f3wek instruktora co do sposobu korzystania ze sprz\u0119tu dost\u0119pnego w Studiu,<\/li><li>Studio nie b\u0119dzie ponosi\u0107 odpowiedzialno\u015bci za szkody powsta\u0142e w wyniku nieprawid\u0142owego korzystania z tych urz\u0105dze\u0144.<\/li><li>Kursanci przyjmuj\u0105 do wiadomo\u015bci, \u017ce mo\u017ce do\u015bwiadczy\u0107 lub zosta\u0107 nara\u017cony na drobne urazy, takie jak siniaki, odciski, czy otarcia, urazy mi\u0119\u015bni oraz w skrajnych przypadkach na urazy, na skutek kt\u00f3rych wymagana mo\u017ce by\u0107 operacja lub grozi\u0107 mo\u017ce \u015bmier\u0107.<\/li><li>Zabrania si\u0119 przebywania w Lataj\u0105cym Studiu bez wiedzy i zgody w\u0142a\u015bcicielki Studia. Przebywaj\u0105c w przestrzeni, w kt\u00f3rej odbywaj\u0105 si\u0119 zaj\u0119cia, nale\u017cy bezwzgl\u0119dnie podporz\u0105dkowa\u0107 si\u0119 poleceniom obecnego na miejscu instruktora.<\/li><li>W studiu obowi\u0105zuje ca\u0142kowity zakaz przebywania pod wp\u0142ywem, b\u0105d\u017a stosowania u\u017cywek, w tym palenia papieros\u00f3w czy picia alkoholu.<\/li><li>Studio zastrzega sobie prawo do bezzwrotnego wykluczenia z zaj\u0119\u0107 os\u00f3b, kt\u00f3re znajduj\u0105 si\u0119 pod wp\u0142ywem u\u017cywek lub w inny spos\u00f3b zagra\u017caj\u0105 bezpiecze\u0144stwu swojemu lub innych os\u00f3b obecnych na sali.<\/li><li>W Studiu w czasie trwania zaj\u0119\u0107 mog\u0105 znajdowa\u0107 si\u0119 wy\u0142\u0105cznie Kursanci. Zabrania si\u0119 obecno\u015bci os\u00f3b postronnych bez wcze\u015bniejszego ustalenia tego z w\u0142a\u015bcicielk\u0105 Studia.<\/li><li>W czasie trwania zaj\u0119\u0107 Kursant zobowi\u0105zany jest do zdj\u0119cia z siebie wszelkiej bi\u017cuterii &#8211; kolczyki wystaj\u0105ce poza obrys p\u0142atka ucha, bransoletki, naszyjniki, pier\u015bcionki, zegarki. W przypadku zniszczenia sprz\u0119tu w wyniku niezastosowania si\u0119 do powy\u017cszego punktu Kursant zostanie obci\u0105\u017cony kosztami zakupu nowego sprz\u0119tu lub zap\u0142aty kary okre\u015blonej na podstawie wymiaru poniesionych przez studio strat.<\/li><li>Po wej\u015bciu do Studia nale\u017cy zdj\u0105\u0107 obuwie i pozostawi\u0107 je w miejscu do tego przeznaczonym. Na zaj\u0119ciach mo\u017cna \u0107wiczy\u0107 boso, w specjalnym obuwiu, w skarpetkach antypo\u015blizgowych lub w zwyk\u0142ych skarpetkach, je\u015bli instruktor wyrazi na to zgod\u0119.<\/li><li>W szatni mo\u017cna zostawia\u0107 wy\u0142\u0105cznie odzie\u017c oraz przedmioty bez wysokiej warto\u015bci. Wszystkie cenne przedmioty nale\u017cy przekazywa\u0107 do depozytu na recepcji.<\/li><li>Kursant zobowi\u0105zany jest do stosownej dezynfekcji sprz\u0119tu, z kt\u00f3rego korzysta\u0142 w studiu, oraz do zachowania podstawowych zasad czysto\u015bci i kultury osobistej.<\/li><li>Uprasza si\u0119 o korzystanie z w\u0142asnych r\u0119cznik\u00f3w\/szmatek do dezynfekcji sprz\u0119t\u00f3w. Na miejscu dost\u0119pne te\u017c s\u0105 szmatki awaryjne.<\/li><li>W trakcie zaj\u0119\u0107 Open zabronione jest samodzielne wykonywanie spadk\u00f3w na sprz\u0119tach akrobatycznych (ko\u0142o cyrkowe, akrobungee). Spadki mog\u0105 by\u0107 wykonywane jedynie z indywidualn\u0105 asekuracj\u0105 przez wykwalifikowanego instruktora.<\/li><li>Kobiety w ci\u0105\u017cy mog\u0105 bra\u0107 udzia\u0142 w zaj\u0119ciach wy\u0142\u0105cznie po okazaniu za\u015bwiadczenia od lekarza specjalisty o braku przeciwwskaza\u0144 do udzia\u0142u w tych konkretnych zaj\u0119ciach i przyjmuj\u0105 do wiadomo\u015bci, \u017ce uczestnictwo w wykupionych zaj\u0119ciach mo\u017ce zosta\u0107 dla nich ograniczone przez instruktora, ze wzgl\u0119du na ich bezpiecze\u0144stwo.<\/li><li>Cena karnetu nie uwzgl\u0119dnia ubezpieczenia od NNW. Zach\u0119ca si\u0119 Kursanta do wykupienia dla siebie takiego ubezpieczenia we w\u0142asnym zakresie.<\/li><\/ol><p style=\"text-align: center;\"><strong>\u00a77<\/strong><\/p><p style=\"text-align: center;\"><strong>Dane osobowe<\/strong><\/p><ol><li>Kursant zobowi\u0105zany jest do podania swoich danych osobowych, w tym imienia i nazwiska, numeru telefonu oraz adresu e-mail. Zobowi\u0105zany jest te\u017c do wskazania danych kontaktowych do osoby pierwszego kontaktu\/opiekuna. Podanie danych osobowych jest dobrowolne, ale niezb\u0119dne do udzia\u0142u w zaj\u0119ciach oferowanych przez Lataj\u0105ce Studio.<\/li><li>Administratorem Pa\u0144stwa danych osobowych jest Lataj\u0105ce Studio z siedzib\u0105 w Poznaniu przy ul. G\u0142ogowskiej 152, 60-205 z numerem NIP: 7822203833.<\/li><li>W sprawach zwi\u0105zanych z danymi osobowymi mo\u017cesz skontaktowa\u0107 si\u0119 z nami pisemnie, za pomoc\u0105 poczty tradycyjnej pisz\u0105c na adres: Lataj\u0105ce Studio ul. G\u0142ogowska 152, 60-205, Pozna\u0144 lub poprzez wiadomo\u015b\u0107 e-mail na adres: latajacestudiopoznan@gmail.com.<\/li><li>Klient podaj\u0105c dane o\u015bwiadcza, \u017ce podane przez niego dane osobowe aktualne i zgodne z prawd\u0105.<\/li><li>Szczeg\u00f3\u0142owe informacje dotycz\u0105ce zakresu pozyskiwanych danych osobowych, celu a tak\u017ce sposobu ich przetwarzania oraz prawa przys\u0142uguj\u0105ce Klientowi dost\u0119pne s\u0105 w polityce prywatno\u015bci.<\/li><\/ol><p style=\"text-align: center;\"><strong>\u00a78<\/strong><\/p><p style=\"text-align: center;\"><strong>Ochrona wizerunku oraz w\u0142asno\u015bci intelektualnej<\/strong><\/p><ol><li>Zabrania si\u0119 rozpowszechniania materia\u0142\u00f3w przekazywanych na zaj\u0119ciach, oraz film\u00f3w i zdj\u0119\u0107 przedstawiaj\u0105cych instruktor\u00f3w podczas pracy, bez uprzedniej pisemnej zgody Lataj\u0105cego Studia.<\/li><li>Kursant odg\u00f3rnie wyra\u017ca zgod\u0119 na wykorzystanie swojego wizerunku na potrzeby promocji Lataj\u0105cego Studia w przypadku publikacji zdj\u0119\u0107 i film\u00f3w z zaj\u0119\u0107 i imprez okoliczno\u015bciowych organizowanych przez Studio. Je\u015bli Kursant z r\u00f3\u017cnych przyczyn nie chce upowszechnia\u0107 swojego wizerunku powinien poinformowa\u0107 o tym fakcie przed robieniem zdj\u0119\u0107 lub realizacj\u0105 filmu. Kursant w\u00f3wczas powinien stara\u0107 si\u0119 usun\u0105\u0107 z kadru, aby nie przeszkadza\u0107 innym, kt\u00f3rzy chc\u0105 uczestniczy\u0107 w sesji zdj\u0119ciowej lub filmowej.<\/li><li>Je\u017celi wizerunek Kursanta pojawi si\u0119 w materia\u0142ach reklamowych Studia wbrew jego woli, mo\u017ce zwr\u00f3ci\u0107 si\u0119 z pro\u015bb\u0105 o usuni\u0119cie zdj\u0119cia lub materia\u0142u filmowego w kt\u00f3rym pojawia si\u0119 jego wizerunek.<\/li><\/ol><p style=\"text-align: center;\"><strong>\u00a79<\/strong><\/p><p style=\"text-align: center;\"><strong>Si\u0142a Wy\u017csza<\/strong><\/p><ol><li>Przez Si\u0142\u0119 Wy\u017csz\u0105 rozumie si\u0119 zdarzenia pozostaj\u0105ce poza kontrol\u0105 ka\u017cdej ze Stron, kt\u00f3rych nie mog\u0142y one przewidzie\u0107 ani zapobiec, a kt\u00f3re zak\u0142\u00f3caj\u0105 lub uniemo\u017cliwiaj\u0105 realizacj\u0119 umowy.<\/li><li>W przypadku zaistnienia Si\u0142y Wy\u017cszej, Strona, kt\u00f3rej taka okoliczno\u015b\u0107 uniemo\u017cliwia lub utrudnia prawid\u0142owe wywi\u0105zanie si\u0119 z jej zobowi\u0105za\u0144 niezw\u0142ocznie nie p\u00f3\u017aniej jednak ni\u017c w ci\u0105gu 7 dni, powiadomi drug\u0105 Stron\u0119 o takich okoliczno\u015bciach i ich przyczynie.<\/li><li>W przypadku wyst\u0105pienia Si\u0142y Wy\u017cszej, plac\u00f3wka jest uprawniona do przej\u015bcia na tryb nauczania\/prowadzenia zdalnego lub realizacji us\u0142ugi w formie \u201ezaj\u0119\u0107 online\u201d do ko\u0144ca trwania zdarze\u0144 wywo\u0142anych Si\u0142\u0105 Wy\u017csz\u0105.<\/li><li>W przypadku, gdy Kursant z obiektywnych wzgl\u0119d\u00f3w nie ma mo\u017cliwo\u015bci korzystania z us\u0142ugi na to\u017csamym poziomie, dopuszcza si\u0119 mo\u017cliwo\u015b\u0107 zamro\u017cenia us\u0142ugi do czasu ustania Si\u0142y Wy\u017cszej, tym samym przed\u0142u\u017caj\u0105c czas trwania umowy o analogiczny okres zamro\u017cenia, w kt\u00f3rym us\u0142uga nie by\u0142a \u015bwiadczona.<\/li><li>Forma realizacji us\u0142ugi po wyst\u0105pieniu Si\u0142y Wy\u017cszej zostanie przedstawiona Kursantowi niezw\u0142ocznie po reorganizacji plac\u00f3wki i zapoznaniu si\u0119 z aktualnymi wytycznymi odpowiednich s\u0142u\u017cb wraz z nowo obowi\u0105zuj\u0105cym prawem oraz udost\u0119pniona za po\u015brednictwem dost\u0119pnych kana\u0142\u00f3w komunikacji z Kursantem.<\/li><li>Kursant b\u0119dzie m\u00f3g\u0142 zapozna\u0107 si\u0119 z nowymi zasadami realizacji us\u0142ugi oraz dokona\u0107 ich akceptacji w przypadku ch\u0119ci kontynuowania us\u0142ugi. W przypadku braku akceptacji w ci\u0105gu 7 dni od komunikatu dochodzi do automatycznego zamro\u017cenia us\u0142ugi do czasu ustania Si\u0142y Wy\u017cszej.<\/li><li>W przypadku akceptacji sposobu realizacji us\u0142ugi plac\u00f3wka zobowi\u0105zuje si\u0119 do zachowania najwy\u017cszego, obiektywnie mo\u017cliwego w danej sytuacji poziomu realizacji us\u0142ugi na wcze\u015bniej ustalonych zasadach cenowych. Poziom merytoryczny nie ulegnie zmianie, jedynie \u015brodki techniczne realizacji us\u0142ugi zostan\u0105 dostosowane do aktualnej sytuacji w mo\u017cliwie nieinwazyjny dla Kursanta spos\u00f3b.<\/li><li>Kursant wyra\u017ca \u015bwiadom\u0105 zgod\u0119 na zastosowanie wy\u017cej opisanego trybu w sytuacji wyst\u0105pienia Si\u0142y Wy\u017cszej akceptuj\u0105c regulamin i nie wnosi do niego uwag.<\/li><\/ol><p style=\"text-align: center;\"><strong>\u00a710<\/strong><\/p><p style=\"text-align: center;\"><strong>Postanowienia ko\u0144cowe<\/strong><\/p><ol><li>Wykupienie karnetu lub jednorazowego wej\u015bcia na zaj\u0119cia, warsztaty lub inne zaj\u0119cia oferowane w Lataj\u0105cym Studiu jest jednoznaczne z przyj\u0119ciem do wiadomo\u015bci i akceptacj\u0105 niniejszego regulaminu.<\/li><li>Wszystkie uwagi dotycz\u0105ce pracy studia jak r\u00f3wnie\u017c propozycje nowych form zaj\u0119\u0107 mog\u0105 by\u0107 sk\u0142adane mailowo lub przez stron\u0119 studia na Facebooku.<\/li><li>Studio zastrzega sobie prawo do zmian w Regulaminie w dowolnym terminie.<\/li><\/ol>\t\t\t\t\t\t\t\t<\/div>\n\t\t\t\t<\/div>\n\t\t\t\t\t<\/div>\n\t\t\t\t<\/div>\n\t\t<div class=\"elementor-element elementor-element-cf8b491 e-flex e-con-boxed e-con e-parent\" data-id=\"cf8b491\" data-element_type=\"container\">\n\t\t\t\t\t<div class=\"e-con-inner\">\n\t\t\t\t<div class=\"elementor-element elementor-element-eff13f6 elementor-widget elementor-widget-spacer\" data-id=\"eff13f6\" data-element_type=\"widget\" data-widget_type=\"spacer.default\">\n\t\t\t\t<div class=\"elementor-widget-container\">\n\t\t\t\t\t\t\t<div class=\"elementor-spacer\">\n\t\t\t<div class=\"elementor-spacer-inner\"><\/div>\n\t\t<\/div>\n\t\t\t\t\t\t<\/div>\n\t\t\t\t<\/div>\n\t\t\t\t\t<\/div>\n\t\t\t\t<\/div>\n\t\t\t\t<\/div>\n\t\t","protected":false},"excerpt":{"rendered":"<p>REGULAMIN \u00a71 Postanowienia wst\u0119pne Lataj\u0105ce studio (zwane dalej \u201cStudio\u201d) mie\u015bci si\u0119 przy ul. G\u0142ogowskiej 152, 60-205, w Poznaniu i prowadzone jest przez Ew\u0119 Bocha\u0144sk\u0105, prowadz\u0105c\u0105 dzia\u0142alno\u015b\u0107 gospodarcz\u0105 pod nazw\u0105 Lataj\u0105ce Studio Ewa Bocha\u0144ska, wpisan\u0105 do&hellip;<\/p>\n","protected":false},"author":1,"featured_media":0,"parent":0,"menu_order":0,"comment_status":"closed","ping_status":"closed","template":"","meta":{"_seopress_robots_primary_cat":"","_seopress_titles_title":"","_seopress_titles_desc":"","_seopress_robots_index":"yes","footnotes":""},"class_list":["post-959","page","type-page","status-publish","hentry"],"_links":{"self":[{"href":"https:\/\/latajacestudio.pl\/index.php\/wp-json\/wp\/v2\/pages\/959","targetHints":{"allow":["GET"]}}],"collection":[{"href":"https:\/\/latajacestudio.pl\/index.php\/wp-json\/wp\/v2\/pages"}],"about":[{"href":"https:\/\/latajacestudio.pl\/index.php\/wp-json\/wp\/v2\/types\/page"}],"author":[{"embeddable":true,"href":"https:\/\/latajacestudio.pl\/index.php\/wp-json\/wp\/v2\/users\/1"}],"replies":[{"embeddable":true,"href":"https:\/\/latajacestudio.pl\/index.php\/wp-json\/wp\/v2\/comments?post=959"}],"version-history":[{"count":44,"href":"https:\/\/latajacestudio.pl\/index.php\/wp-json\/wp\/v2\/pages\/959\/revisions"}],"predecessor-version":[{"id":1540,"href":"https:\/\/latajacestudio.pl\/index.php\/wp-json\/wp\/v2\/pages\/959\/revisions\/1540"}],"wp:attachment":[{"href":"https:\/\/latajacestudio.pl\/index.php\/wp-json\/wp\/v2\/media?parent=959"}],"curies":[{"name":"wp","href":"https:\/\/api.w.org\/{rel}","templated":true}]}}